**2/2 + 26*k. What is the remainder when y(-5) is divided by 9?
7
Suppose -6*j = 4*j + 90. What is the remainder when 261 is divided by (48/9)/((-2)/j)?
21
Let o be (24/(-10))/((-12)/80). Suppose 4 = -4*i + 3*r, -2*i = -6*i - 2*r + o. Calculate the remainder when ((-79)/i)/((-5)/20) is divided by 32.
30
Suppose 3*z - 99 = 6. Suppose -11*h = -53 - z. What is the remainder when 28 is divided by h?
4
Suppose -p - 52 = 5*k, -5*k - 5*p = -28 + 88. What is the remainder when 326 is divided by (275/(-15))/(-2 + k/(-6))?
51
Let t(o) = -3*o**3 - 7*o**2 + 4*o + 6. Let v be t(4). Let c = v + 290. Calculate the remainder when c is divided by 2*(-2)/(-8)*4.
0
Suppose -3*i = 4*f - 840, -1057*i + 1056*i = -4*f + 840. Calculate the remainder when f is divided by 31.
24
Let s = 14 - 14. Suppose s = -5*a + 605 - 245. Calculate the remainder when a is divided by -10 + 1692/48 + (-2)/8.
22
Suppose 3*l - 35451 = -3*s, -50811 = -7*s - 3*l + 31924. Calculate the remainder when s is divided by 7.
5
What is the remainder when ((-416)/20 - -8)/(2 + (-260)/125) is divided by 21?
13
Let a = -162 + 160. Let f(h) = -15*h**3 + 2*h**2 - 3*h - 8. Calculate the remainder when f(a) is divided by 43.
40
Let h(r) = 12*r - 135. Let b be (8 - 5 - 6)*-4. What is the remainder when 27 is divided by h(b)?
0
Suppose 17089 - 4164 = 25*v. Let r = v + -507. Calculate the remainder when 257 is divided by r.
7
Let y(v) = 9*v**2 - 19*v + 5. Let t be y(2). Suppose 488 + 508 = t*x. Calculate the remainder when x is divided by 24.
20
Let h be ((-63)/(-7))/((-1)/2*-3). Let x be 2 - h - (0 + -3). Calculate the remainder when 67 is divided by 32 + (-3 - (x + -4)).
33
Suppose 0 = 3*x + 3*d - 550 - 122, 2*x = 2*d + 428. Suppose -51 + x = 7*a. Calculate the remainder when a is divided by 14.
10
Let u(z) = 36*z - 940. Calculate the remainder when 3012 is divided by u(29).
100
Let x(r) = r**2 - 317*r + 13813. What is the remainder when 3423/27 - (-4)/18 is divided by x(52)?
28
Let q(r) = 4*r**2 - r - 3. What is the remainder when q(3) is divided by 4*(180/15 - 11)?
2
Suppose -2*t = -2*y - 96 + 4, 4*t + y = 164. Let d be 2/6 - (-10428)/198. Let r = d - t. What is the remainder when 20 is divided by r?
9
Let b(n) = n**3 + 27*n**2 - 40*n - 44. Let v be b(-28). Let u = 340 - v. Calculate the remainder when u is divided by 38.
10
Let a = 15034 - 15007. What is the remainder when 5532 is divided by a?
24
Let n(l) = 6*l - 39. Let q = 197 + -175. What is the remainder when n(16) is divided by q?
13
Let o(l) = 993*l**3 - 2*l**2 + 11*l - 11. What is the remainder when o(1) is divided by 27?
19
Let r(b) = 29*b**2 - 1158*b + 16. Calculate the remainder when r(-5) is divided by 54.
51
Suppose -93*q + 4679 = -31126. What is the remainder when 790 is divided by q?
20
Let v(m) = -m**3 + 4*m**2 - 14*m + 80. Calculate the remainder when 65 is divided by v(4).
17
Suppose 371 = -2*a + 5*g + 41, 2*a + 3*g = -314. Let z = a - -170. What is the remainder when 258 is divided by z?
8
What is the remainder when 3116 is divided by (-1)/5 + (-8040)/(-200)?
36
Let f(k) = -149*k - 2085. Calculate the remainder when f(-58) is divided by 80.
77
Let s(t) = -t**2 + 112*t + 896. Calculate the remainder when 1687 is divided by s(-7).
49
Suppose 264 = 2*h - 2*o, 233 + 287 = 4*h - 2*o. Suppose -3*k + 64 = 2*m - 0*k, -h = -4*m + k. Calculate the remainder when m is divided by 24/(-8) + (13/1 - 1).
5
Calculate the remainder when 2734 is divided by ((-17252)/(-190))/(114/(-30) - -4).
10
Suppose 65838 + 197626 = 19*w + 76295. Calculate the remainder when w is divided by 15.
11
Let g = 11 - 9. Let b(o) = 47*o**g - 1 + 40*o**2 + o + o**2 + 8*o**2. Calculate the remainder when b(1) is divided by 25.
21
Let r(a) = 4*a**3 + 9*a**2 - 6*a**2 + 9 - 4*a - a**2. Let p be r(2). Suppose 0 = -40*b + p*b - 107. What is the remainder when b is divided by 22?
19
Let p = 317 - 144. Let k = 183 - p. Let h(s) = s - 1. Calculate the remainder when k is divided by h(5).
2
Suppose -2*a + 4 = -64. Let u be (-19)/3*(-525)/35. What is the remainder when (u - -2) + 1 + 1 is divided by a?
31
Suppose -2*k + 117 + 33 = 0. What is the remainder when k is divided by ((-4)/28)/(13/(-2457))?
21
Suppose -4*h + 8 + 64 = 0. Suppose 5*l - 546 = -51. Suppose 7*f + l = 10*f. Calculate the remainder when f is divided by h.
15
Let s be (71/(-8)*-6)/(15/(-40)). Let h = -107 - s. What is the remainder when (-2)/7 - (-471)/7 is divided by h?
32
Let m = -415 - -418. Suppose 20 = 4*s + m*x, 5*x - 7 + 3 = -3*s. Calculate the remainder when 119 is divided by s.
7
Let x(c) = c**3 + 20*c**2 - 55*c + 62. What is the remainder when x(-21) is divided by 98?
90
Let o(x) = 11*x + 9. Let l(v) be the second derivative of v**5/20 - 5*v**4/3 + 10*v**3/3 + 10*v. What is the remainder when o(6) is divided by l(19)?
18
Suppose 24*p + 15836 = 238*p. Calculate the remainder when 276 is divided by p.
54
Let y = -60 + 64. Suppose -5474 = -21*c + y*c. Calculate the remainder when c is divided by 54.
52
Suppose -1770*h - 4*m = -1767*h - 79, 3*m + 93 = 3*h. Calculate the remainder when 1564 is divided by h.
27
Suppose -82 = 48*d - 50*d. Let u = 109 - 106. Calculate the remainder when d is divided by u.
2
What is the remainder when 11223 is divided by ((-4)/(-13))/(131/103883)?
243
Suppose -8*u + 1780 = 4*w, 94*w - 459 = -2*u + 91*w. What is the remainder when u is divided by 4?
3
Suppose 0 = r + y - 62, 0 = -r - 11*y + 12*y + 60. Let a(p) = 13*p + 24. Calculate the remainder when r is divided by a(0).
13
Suppose -71*z + 55*z + 3311 - 623 = 0. Suppose -5*i + 75 - 25 = 0. Calculate the remainder when z is divided by i.
8
Let x = -5222 - -2302. What is the remainder when ((-2)/(-8))/((-73)/x) is divided by 6?
4
Suppose -c + h = 18, 60 = -4*c - h - h. Calculate the remainder when 84 is divided by c/(-12)*(-132)/(-8).
18
Suppose 532*n - 482*n - 8900 = 0. Calculate the remainder when 204 is divided by n.
26
Suppose -585*a + 3289 = -286*a. Let g(r) = -13*r - 4. Calculate the remainder when g(-3) is divided by a.
2
Suppose -6 + 26 = 5*h. Suppose 7*v + 76 = 10*v - 2*m, v - 22 = -m. Suppose 5*s + 6*r = 3*r + v, 4*s - 22 = -r. What is the remainder when s is divided by h?
2
Suppose 346*q = 362*q + 29 - 221. What is the remainder when 945 is divided by q?
9
Suppose 0 = 20*k - 1046 - 554. Let n be (-2 - 2/(-2)) + -31. Let j = n + 60. What is the remainder when k is divided by j?
24
Suppose -74*q + 72*q = n - 934, 3*q = -3. Calculate the remainder when n is divided by 310.
6
Let d(i) be the second derivative of -5*i**3/2 + 17*i**2 + 2*i + 23. Calculate the remainder when d(-10) is divided by 31.
29
Suppose -95*h + 100*h = 270. Let v = 64 - 55. What is the remainder when h is divided by v?
0
Let d = -192 + -113. Let l = -277 - d. Calculate the remainder when l is divided by 24.
4
Let b(c) = -7*c - 240 - 6*c - 101. Calculate the remainder when b(-31) is divided by 59.
3
Calculate the remainder when 4115 is divided by 126/(4 + -2) - 8/((-24)/(-15)).
55
Suppose 0 = -8*x + 96. Suppose x*i = 8*i + 580. Calculate the remainder when i is divided by 40.
25
What is the remainder when 318 is divided by 1673/478*712/14?
140
Suppose -22*l = -74*l + 2*l + 5150. What is the remainder when 2985 is divided by l?
101
Calculate the remainder when ((-4527)/(-54))/(4/(-36))*2/(-3) is divided by 126.
125
Suppose -z = 3*w - 6*w + 9, 2*w = -4*z + 6. Suppose z = -3*c - 2*c - x + 21, -c = -3*x - 17. Calculate the remainder when c is divided by 10/3 - 1/3.
2
Suppose 0 = 18*r - 441 + 81. What is the remainder when 6*(-10)/(-8)*(-2546)/(-57) is divided by r?
15
Suppose 2*j - 6*j + 29*j = 325. Calculate the remainder when 207 is divided by j.
12
What is the remainder when 63/189 + 3 + ((-33873)/9)/(-1) is divided by 10?
7
Let f = 442 - 258. Suppose 10 - 78 = -x - 3*t, 3*x = -5*t + f. Let j(y) = -y**2 + 13*y - 12. Calculate the remainder when x is divided by j(10).
17
Suppose 1813 + 3366 = 123*w - 3185. Calculate the remainder when 2034 is divided by w.
62
Suppose 23*t = -18*t + 27921. What is the remainder when t is divided by 114/5 + (-5 - 336/(-80))?
21
Let f be ((-44)/(-18)*12)/((-8)/(-24)). Let c = f - 40. What is the remainder when 134 is divided by c?
38
Let l(g) = -g**3 + 112*g**2 - 14*g + 1597. What is the remainder when 1530 is divided by l